ctors of i(l)?
7
What are the prime factors of 40/140 - 936/(-7)?
2, 67
Let i(h) = h - 1. Let u(y) = 2 + 0 + 0*y - y. Let l(g) = 5*i(g) + 4*u(g). List the prime factors of l(0).
3
Suppose -4*u + 4*h = -163 - 649, 4*h + 215 = u. List the prime factors of u.
199
Suppose -4*t = 3*n - 218, -35 = 3*n - 5*t - 208. What are the prime factors of (5/5)/(2/n)?
3, 11
Let b(p) = p**3 - 9*p**2 + 16*p - 4. List the prime factors of b(8).
2, 3, 5
Let a be 3/(-9) - 10/15. What are the prime factors of a - (-12 - (1 - 3))?
3
What are the prime factors of -5 - (-11)/((-44)/(-1216))?
13, 23
Suppose 0 = 5*h - 4*m - 280, 4*h + h = -4*m + 320. Suppose 0 = 4*g - g - h. List the prime factors of g.
2, 5
Suppose 2*w + 0*w = 82. What are the prime factors of w?
41
Suppose -2*p - 5 = -p. Suppose 0 - 15 = 5*g. Let t = g - p. List the prime factors of t.
2
Let w(o) = -2*o - 19. List the prime factors of w(-13).
7
Let n(d) = 5*d - 1. What are the prime factors of n(4)?
19
Let v(b) = -b - 21. Let y be v(-16). What are the prime factors of (9/5)/(y/(-25))?
3
Suppose -4*r = -2*r - 50. What are the prime factors of r?
5
What are the prime factors of 20/(-8) + 273/6?
43
List the prime factors of ((-6)/9)/((-10)/1665).
3, 37
Let s be (0 - 2)/2 + -1. Let o be (-23 + (2 - 1))/s. Let c = 17 - o. What are the prime factors of c?
2, 3
Let g(c) = 2*c**2 + 11*c - 3. List the prime factors of g(-6).
3
Suppose -12 = -8*v + 2*v. Suppose -5*f - 5*u = -4*u - 86, -v*u + 53 = 3*f. List the prime factors of f.
17
Suppose -2*n - 2*p = -28, -14 = -n + p - 4*p. What are the prime factors of 1 + 0/(-3) + n?
3, 5
Suppose 4*p + 4 = 5*n - 3, -2*p - 5 = -3*n. Suppose -c - 4*c + 100 = -p*z, -4*c + 3*z + 80 = 0. List the prime factors of c.
2, 5
Let b = 14 - 11. List the prime factors of (3 - -1) + 0 + b.
7
Suppose 3*b - 5 = -17, 0 = -2*r - 5*b. List the prime factors of (r/(-4))/((-2)/4).
5
Suppose -4*a = -n + 5*n - 108, 4*n - 5*a = 72. List the prime factors of n.
23
Let s(v) = 5*v**3 - 24*v**2 + 24*v - 23. Let k(f) = 14*f**3 - 71*f**2 + 71*f - 68. Let a(i) = 6*k(i) - 17*s(i). What are the prime factors of a(-19)?
2
Let j(r) = -r**3 + 10*r**2 - 9*r - 11. What are the prime factors of j(8)?
3, 5
Let w(h) = -h - 3. Suppose 5*l + 22 = -8. List the prime factors of w(l).
3
Let c(r) be the second derivative of -r**5/20 + r**4 - 2*r**3 + 7*r**2 + 4*r. List the prime factors of c(11).
3
Let g = -15 + 19. Let o = 0 + 3. Suppose d + 65 = g*z - 0*z, z - o*d = 19. What are the prime factors of z?
2
Suppose 4 - 332 = -4*h. List the prime factors of h.
2, 41
Let d(l) be the first derivative of 27*l**4/4 - 2*l**3/3 + l**2 - l - 1. Let n be d(1). Suppose q + m + 2*m = -8, m = 3*q - n. What are the prime factors of q?
7
Suppose -6*i + 36 = -2*i. Suppose s = 2*v - 2 - 7, v = 5*s + i. What are the prime factors of v?
2
Let q(p) = p**2 + 9*p - 10. Let o be q(-10). List the prime factors of (3 - o) + 38/2.
2, 11
Let j(y) = y + 8. Let z be j(-7). Let c be (z + -2 + 1)/1. Suppose -6*m + 3*m = 5*k, c = 2*m + 4*k + 2. List the prime factors of m.
5
Suppose 0*m + 5*m = 25. Suppose -j - 20 = -2*f - 1, m*j + 4 = -3*f. Suppose -3*z + 5*d = -f*z - 5, -25 = -2*z + 3*d. List the prime factors of z.
5
Suppose 4*h + h + 5 = 0. Let m = h + 7. Suppose -m*r + 15 = -3*r. What are the prime factors of r?
5
Suppose -3*q = -5*o + 2, -2*o + q + 2 = 1. Let h(f) = 4*f**3 + 6*f**2 - f + 1. Let b(p) = p**3 - p**2. Let g(d) = 6*b(d) + h(d). List the prime factors of g(o).
2, 5
Let l(z) = z**2 + 4*z. Let d be -5 + 1 - 0/3. Let h be l(d). What are the prime factors of (h - -5) + (6 - 4)?
7
Let u = -34 + 92. What are the prime factors of u?
2, 29
Let l(t) = -5*t - 5. Let v(o) = 3*o + 3. Let n(z) = 4*l(z) + 7*v(z). List the prime factors of n(6).
7
Suppose 6*v + 222 = 8*v. What are the prime factors of v?
3, 37
Let i(n) = -2*n**3 - 2*n**2 - 5. Let d(j) = 5*j**3 + 3*j**2 + 9. Let x(w) = -4*d(w) - 7*i(w). Suppose -4*r - 11 = -7. List the prime factors of x(r).
7
Suppose 5*w + 3*u = 40, 7*u - 30 = -3*w + 4*u. Suppose -4*d - 3*l + 141 = -6*l, 5*d + w*l = 150. Suppose -r = 2*r - d. List the prime factors of r.
11
Let v(r) be the first derivative of -r**2 - r + 2. Let d be v(-7). Let h = -9 + d. What are the prime factors of h?
2
Let y = 132 - 92. List the prime factors of y.
2, 5
Let i(c) = -6*c + 9. Let d(z) = -3*z + 4. Let w(x) = -7*d(x) + 3*i(x). Let k be w(2). Let s(a) = a**2 - 4*a - 3. What are the prime factors of s(k)?
2
Let w be ((-45)/(-25))/((-3)/(-15)). Let x = w - 5. Suppose 3*c + 33 = 3*o + 111, 2*c + x*o - 28 = 0. What are the prime factors of c?
2, 11
Suppose -5*v - 6 = 9. What are the prime factors of (v/(-6))/((-3)/(-48))?
2
What are the prime factors of (-5 + 1)*4/(12/(-27))?
2, 3
Suppose o + 17 - 122 = 0. What are the prime factors of o?
3, 5, 7
What are the prime factors of (-15)/(-10) + (-1)/(-2)?
2
Suppose w - d = -4*d + 14, 80 = 4*w + 4*d. List the prime factors of w.
23
Suppose -2*y + 0*y = 0. Let k be -1 + y + (-1 - -6). Suppose 2*h = 6, -k*l + 33 = -l + 5*h. What are the prime factors of l?
2, 3
Let g(m) = 51 + m**3 - 60 + 3*m + 10*m**2 + 4*m. Let v(r) = r - 3. Let u be v(-6). What are the prime factors of g(u)?
3
Suppose 0 = -u - 3*j + 74, 0*u - 4*u = -2*j - 352. Let b be (-4)/(-18) - u/(-18). Suppose 4 + b = n. What are the prime factors of n?
3
Suppose -4*h + 643 = d, -h - 806 = -6*h + d. List the prime factors of h.
7, 23
Let p(f) = -4*f**3 + f**2 - f - 2. List the prime factors of p(-1).
2
Let w(t) = t**2 - 4*t + 2. Let d be w(4). Suppose -j = 4*q - 143, -2*q + 38 = -q - d*j. What are the prime factors of q?
2, 3
Let q(o) = -5*o. Let j be q(-1). Suppose 4*b + 9 = 2*s - 69, j*b = 0. What are the prime factors of s?
3, 13
Let k = -33 - 19. Let x be (-2)/(-3) + k/(-12). Suppose -3*q + 23 = 2*p, -p + 0 = -x*q + 34. What are the prime factors of q?
7
Suppose 3*k - 17*w = -12*w + 482, -w + 5 = 0. What are the prime factors of k?
13
List the prime factors of -3*(-8)/84 - (-621)/7.
89
Let f = 138 + -78. What are the prime factors of f?
2, 3, 5
Let z = 8 + -16. List the prime factors of 6/4*2 - z.
11
Let s(i) = 5*i - 12. Let n be -3*(-24)/9 + 2. List the prime factors of s(n).
2, 19
Suppose 0 = 5*o + 2*k + k - 80, 0 = -5*o - 5*k + 90. Suppose -o*w = -18*w + 45. List the prime factors of w.
3
Suppose 11 = -4*u + 3*u. Let p = 12 - u. List the prime factors of p.
23
Suppose 10*p - 1998 = p. List the prime factors of p.
2, 3, 37
Let j(a) = 3*a + 3 - 2*a - a**2 - a + 4*a. Let y be j(6). List the prime factors of 3*(12/y + 2).
2
Suppose 4*d + 3*m - 44 = -6, 50 = 5*d + 5*m. Suppose 0*c + c = d. List the prime factors of c.
2
Let s = 145 + 72. What are the prime factors of s?
7, 31
Suppose u - 65 = 6*u. Let l = -6 - u. List the prime factors of l.
7
Let k(x) = 3*x + 14. Let o be k(-6). What are the prime factors of (o/(-3))/((-3)/(-81))?
2, 3
Let k(u) = -4*u**2 + 2*u + 8. Let m(j) = 3*j**2 - 2*j - 7. Let d(b) = 2*k(b) + 3*m(b). Let p be 2/(-6) - (-52)/12. What are the prime factors of d(p)?
3
Let r = 4 + -1. What are the prime factors of 7*(-3)/(-9)*r?
7
Suppose 3*v + 2*h - 55 = 0, -7*h + 2*h = 5*v - 95. List the prime factors of v.
17
Let t(w) = -2*w**3 - w**2 + 3*w + 2. Let x be (-12)/4*4/6. Let v be t(x). Suppose j - v = -3*j. What are the prime factors of j?
2
Let m(u) = -u**2 + 4. Let v be m(-3). Let x(f) = 1 + f - 3*f + 0*f + 1. What are the prime factors of x(v)?
2, 3
Suppose 2*v = -31 + 143. What are the prime factors of v?
2, 7
Suppose -2*w - 5*r = -18, 3*r - 45 = -5*w + 2*r. What are the prime factors of w?
3
Suppose -2*g = -5*s - 31, 0 = 4*g - 2*g - s - 51. Let h = g - 10. Let w = h - -2. List the prime factors of w.
2, 5
Suppose 10 = 2*x - 46. What are the prime factors of x?
2, 7
Suppose -128 = -g - 3*g. Suppose 4*a + 22 + 17 = 5*m, 0 = 4*m - 3*a - g. Suppose 0 = -5*d - m + 61. What are the prime factors of d?
2, 5
Suppose -i + 2 = 6, -5*l - 576 = 4*i. Let o be l/10 - (-4)/20. Let r = o - -24. What are the prime factors of r?
13
Let i(t) = t**2 - t + 16. Suppose 0*k - 2*k = 0. Let o be i(k). Suppose -4*b + q = -o, -b - 4*b = 4*q - 20. List the prime factors of b.
2
Let l = -4 - -7. Suppose 2*w - l = -3*x + 1, -8 = -4*w + x. Suppose -q + 17 + 12 = w*k, 0 = -2*k - 2*q + 34. What are the prime factors of k?
2, 3
Let b = -97 - 